 + 105. Suppose 5*h = -m, -t + 4*h + 1 + 7 = 0. Is (1 - -1)*-1*1282/t prime?
True
Let k = 519344 + 246419. Is k composite?
False
Let k = 21641 - 15672. Is k composite?
True
Is ((-46)/10 - -4) + (-3277376)/(-160) composite?
False
Suppose v - 5*t - 117848 = -4*t, 5*t = -4*v + 471419. Is v a composite number?
False
Is ((-11)/(-44))/((-6)/(-752232)) a prime number?
False
Suppose 5*n = -489 - 231. Is 118294/16 - (-54)/n prime?
True
Let d(h) = 4*h**2 - 93*h - 213. Let g(j) = -2*j**2 + 46*j + 107. Let m(v) = -3*d(v) - 5*g(v). Is m(25) composite?
False
Let b = -599291 + 1924720. Is b a composite number?
True
Suppose -5*u + 165597 = -3*x - 1620248, -u + 357169 = -5*x. Is u a prime number?
True
Suppose 323274 = 2*h + k, -5*h = -0*k + k - 808179. Is h prime?
False
Suppose k - 183641 = -4*t, 237*k - 238*k + t = -183636. Is k composite?
False
Suppose 0 = 3*h + 3*a - 91986 - 74961, -2*a = -2*h + 111298. Is h a composite number?
True
Suppose 4*u = -3*u - 1764. Let v = 542 + u. Suppose -4*z - 2*d + 182 + 988 = 0, -v = -z - 3*d. Is z a composite number?
False
Suppose 5*q - 2*n - 1164 = 0, -n = 4*q - 142 - 797. Let c = 40 + q. Is c a composite number?
True
Let u(w) = 2*w**2 + 27*w + 19. Let c be u(-13). Let j(h) = 3*h - 14. Let z be j(c). Suppose 0 = -4*m - r + 1751, -2*m + 527 + 335 = -z*r. Is m prime?
False
Let g(w) = -939*w + 1468. Is g(-31) prime?
True
Suppose -621 = 3*t + 3*d, -4*t - 1087 + 253 = d. Let u = -170 - t. Is u a prime number?
False
Let r = 6921 + -2144. Is r composite?
True
Let w be (2 - 4)*1/((-8)/(-8956)). Let s = -1376 - w. Is s a composite number?
False
Let i = 5100617 + -3445048. Is i a composite number?
False
Suppose -4*g - 9883 = 2*x - 77089, 3*x = -5*g + 84010. Is g prime?
False
Let j(p) = -3*p**3 - 5*p**2 + 34*p + 85. Is j(-26) a composite number?
True
Suppose -2*b + 231 = g, -701 = -3*g - 2*b - 2*b. Let j = g - -62. Suppose -r + 2102 - j = 0. Is r a prime number?
True
Let j be 1 - (-116112)/6 - 9. Suppose -j + 4156 = -4*z. Is z a composite number?
False
Suppose 52*f - 46*f = 7224. Let r = f - 233. Is r a prime number?
True
Let r(m) = 2*m**2 - 8*m - 8. Let w be r(5). Suppose -2*t + 6 = -w, 6 = 3*s + 3*t. Is s/(1 + 1756/(-1748)) prime?
False
Suppose 18*r = -34*r - 65884. Let m = 2654 + r. Is m a prime number?
False
Let q = 45 + -31. Let f be 184/28 + 6/q. Is (5 - f) + 2610 + 1 prime?
True
Let g = -958 + 16529. Is g a prime number?
False
Suppose 30*r + 57332038 = 248*r. Is r a prime number?
False
Suppose -23*m + 22*m + 2*j = -10725, -3*j - 53639 = -5*m. Is m composite?
False
Let k be ((-6)/9)/((-4)/12) + -5768. Let v = k - -8375. Is v composite?
False
Suppose 30466 = s - 3024. Suppose -7*h = -s - 15937. Is h composite?
True
Is -3 - (24/(-5))/((-17)/((-25726610)/21)) a prime number?
False
Suppose 6*b + 228878 = 3*t + 5*b, 4*t = -2*b + 305164. Suppose 0 = 4*w - t + 1744. Is w a prime number?
True
Let t = 315 - 450. Let o = -70 - t. Let w = -44 + o. Is w composite?
True
Let k be 186/(-9)*(-2715)/10. Suppose -2*u + 7947 = -k. Is u prime?
True
Is ((-28983700)/(-35) - 5) + 26/91 prime?
True
Let m = 28 - 28. Suppose -q + c - 5*c = -60, 2*q - 5*c - 94 = m. Suppose -q*v + 55*v - 2082 = 0. Is v a prime number?
False
Suppose -2*z - 2*o - 2 = 0, -o - 9 = 5*z + 2*o. Suppose 42 = 899*f - 913*f. Is z/(-9) - 1496/f a prime number?
True
Let b = -641 - -1586. Suppose 966 = -3*n + 3213. Suppose -2*s + b = 5*y, -4*y + 2*s - 5*s = -n. Is y a prime number?
True
Suppose -b + 24381 = 6*b. Let r be 1 + (-1)/(-1)*4. Suppose m - 2*w - 701 = 0, -r*m - 4*w = -3*w - b. Is m a composite number?
True
Let n(k) = -k**2 - 2*k - 3. Let o = -38 - -35. Let p be n(o). Is ((-4)/p)/((-6)/(-2151)) a composite number?
False
Suppose -3 = -5*c + 17. Let a(t) = -55*t**3 - 5*t**2 + 14*t + 16. Let n be a(-5). Suppose 4*f - 4*d - n = 0, 2*f = -0*f - c*d + 3318. Is f composite?
False
Let x(t) be the third derivative of t**6/10 - 2*t**5/15 + t**4/2 - 11*t**3/6 - 2*t**2 - 92*t. Is x(4) a prime number?
True
Let j(p) = 22*p**2 - 7*p - 2. Suppose 4*x = -w + 3, 5*x - 2 - 13 = 0. Is j(w) a composite number?
True
Let u = -316 - 693. Let i = -513 - u. Suppose f + 5*l - 148 = -15, -4*f = 2*l - i. Is f prime?
False
Let l be 8*2271/(-9)*-3. Suppose 3*v - l = -v. Is v a composite number?
True
Let v = 108 + -98. Suppose 2*s = v, w + 4*s = -0*s + 1543. Is w a prime number?
True
Let g = -10238 - -18607. Is g a prime number?
True
Let o(v) = -7232*v**3 - 5*v**2 + 27*v + 73. Is o(-3) a composite number?
True
Let x(o) = 103*o - 5. Let z = 1045 + -1043. Is x(z) a composite number?
True
Let j(l) = -l - 8. Let a(z) = -z - 7. Let u(v) = 5*a(v) - 4*j(v). Let w be u(-7). Suppose -p = w*p - 23105. Is p prime?
True
Let c = -2048 + 28667. Suppose -3*s - 2*v = -v - 39926, -v = -2*s + c. Is s a composite number?
False
Let u(j) = -498*j + 974*j + 859*j - 30 + 13. Is u(6) composite?
False
Let x(t) = 1385*t + 2. Let q be x(1). Let o be (-10)/(3 + (-860)/288). Let g = q + o. Is g a composite number?
True
Suppose -7*l + 43278 + 147075 = -171274. Is l a composite number?
True
Let j(v) = -8631*v - 5699. Is j(-10) a prime number?
True
Let g = 18 + 75. Let z = g + -87. Let l(m) = 21*m**2 - 7*m - 11. Is l(z) prime?
False
Let z be (842/4)/((-32)/(-832)). Let h = -3038 + z. Is h composite?
True
Let u = -214 + 1079. Suppose -3*x = 2*s - u, 3*s - 1260 = -0*s + 3*x. Suppose -2*r - 669 = -o, 910 + s = 2*o - r. Is o a prime number?
False
Let w(d) = -2*d**3 - 12*d**2 + 5*d + 7. Let v be w(-7). Suppose 7*h + 0*h + v = 0. Is (2246/h)/((-12)/60) composite?
False
Let z = -29438 - -42039. Is z a composite number?
False
Let a(i) = 8*i**3 - i**2 - 8*i - 1. Let o be a(8). Suppose -3018 - o = -5*c. Is c a composite number?
True
Let r(o) = 20*o**2 + 9*o**2 + 5 - o**3 - 21*o - 6*o**2. Let q = -272 - -292. Is r(q) prime?
False
Suppose 94 = 12*f + 1822. Is -6 - 21/(-3) - f a prime number?
False
Is (-14)/21*-15 + 11559 composite?
True
Let k(j) = j. Let r be k(5). Let w(u) = 16 - 169*u + r - 5 + 13. Is w(-6) prime?
False
Suppose 36*y = 1655 - 215. Suppose -y*c + 55*c = 54615. Is c prime?
False
Let g = -7 + 4. Is (3 + -6)*g/(-6)*-3746 composite?
True
Let r be (-1254)/(-12) + 2/(-4). Suppose 2500 = q + 9*q. Suppose r + q = 3*x. Is x composite?
True
Suppose 0 = -4*d - 5*j + 302227, -226671 = -11*d + 8*d - 4*j. Is d prime?
True
Let s(d) be the third derivative of -d**4/24 - 5*d**3/3 + 22*d**2. Let i be s(-13). Suppose 3*u - i*g - 777 = 0, -5*u + 1324 = 5*g + 49. Is u prime?
True
Let c = -18418 + 71529. Is c a prime number?
False
Let i(t) = -t**3 + 5*t**2 - 10. Let b be i(5). Let z = b + 13. Suppose -v + 475 = 4*a, -z*v + 324 = 3*a - 1128. Is v composite?
False
Let r = -169 + 550. Suppose -a + 2*a - r = 0. Let l = -254 + a. Is l a prime number?
True
Is (28423/(-4))/(205/82*(-1)/10) composite?
True
Let f = -3012 + 10403. Is f prime?
False
Suppose -117 - 287 = -4*l. Suppose -4*r - l = 7. Is (-2)/9 - 11643/r prime?
True
Let n = 55 + -43. Suppose -4*r = 4*p, p + n = 4*r - p. Suppose -5*d + 5753 = 2*q, -r*q - 1125 = 2*d - 3425. Is d composite?
False
Suppose i = -2*z + 1964 - 243, -2584 = -3*z - 2*i. Let l = z + -401. Is l a composite number?
False
Suppose -216 = -0*p - 6*p. Suppose -5*q + 1 = 5*u - 4, 4*q - p = 4*u. Suppose 3*l - 3*n = 2*n + 3309, 5515 = q*l + 2*n. Is l a composite number?
False
Let p = 36 + -31. Is 2363 + (-24)/(2 - p) a composite number?
False
Let i = 13 - 19. Is i/2 + (3 - 2) + 181 composite?
False
Suppose 2*n - 3*f - 430 = 2*f, -3*n + 624 = 3*f. Suppose -212*u + 14438 = -n*u. Is u prime?
True
Suppose 81 = 16*i + 289. Let l(r) = 8*r**2 - 11*r - 18. Is l(i) composite?
True
Suppose -4*f = -3*x + 1136317, 2*x - 10*f - 757513 = -f. Is x prime?
True
Let h(w) = -1356*w + 1. Let t be h(-1). Let o = t - 858. Is o composite?
False
Is (-2 + (-231638)/12)/(4179/(-126) - -33) prime?
True
Suppose -2*n - z = -165588, -18*z - 10 = -13*z. Suppose 4*v - n = -5*u + 2*u, 0 = 5*v - 5*u - 103450. Is v prime?
False
Suppose -2*d + 11 = -3*m + 8, 3 = -3*m. Suppose 14*i - 21884 - 4898 = d. Is i a prime number?
True
Let w be 2/3 - (-207)/(-27). Let i(p) = -p**3 + 127*p**2 + 9 + 6*p - 60*p**2 - 70*p**2. Is i(w) prime?
True
Let d = 78 + -75. Let j(o) be the first derivative of 35*o**3 - o**2 + 4*o - 1. Is j(d) composite?
True
Suppose -4514 = 2*m - 12872. Suppose